{"id":642,"date":"2017-06-12T20:56:58","date_gmt":"2017-06-12T18:56:58","guid":{"rendered":"http:\/\/wp.jels-net.dk\/?page_id=642"},"modified":"2024-09-17T09:13:56","modified_gmt":"2024-09-17T07:13:56","slug":"viden-om-traadloes","status":"publish","type":"page","link":"https:\/\/jels-net.dk\/index.php\/viden-om-traadloes\/","title":{"rendered":"Tr\u00e5dl\u00f8s WIFI"},"content":{"rendered":"<p>Flere og flere benytter tr\u00e5dl\u00f8se routere.<\/p>\n<p>Men der er forskel p\u00e5 tr\u00e5dl\u00f8se routere \u2013 ingen tvivl om det. Nogle har en l\u00e6ngere r\u00e6kkevidde end andre, nogle har mulighed for at distribuere signaler p\u00e5 flere frekvenser som eks. 2,4 GHz og 5 GHz samtidig og mulighed for en masse andre indstillinger. En ting man skal g\u00f8re sig klart n\u00e5r man selv vil til at \u201dlege\u201d med tr\u00e5dl\u00f8se routere er, at man skal have indsigt i ops\u00e6tningen, eller i det mindste kende en som har, og har tid til at hj\u00e6lpe en med ops\u00e6tningen.<\/p>\n<p><b>Derfor kan antenneforeningen nu tilbyde nedenst\u00e5ende Access Point<\/b><\/p>\n<p><strong>GWN7660 (Grandstream AP)<\/strong><\/p>\n<p><img loading=\"lazy\" decoding=\"async\" class=\"alignnone size-full wp-image-2435\" src=\"http:\/\/jels-net.dk\/wp-content\/uploads\/2024\/06\/GWN7660.jpg\" alt=\"\" width=\"460\" height=\"421\" srcset=\"https:\/\/jels-net.dk\/wp-content\/uploads\/2024\/06\/GWN7660.jpg 460w, https:\/\/jels-net.dk\/wp-content\/uploads\/2024\/06\/GWN7660-300x275.jpg 300w\" sizes=\"auto, (max-width: 460px) 100vw, 460px\" \/><\/p>\n<p><strong>Pris incl. moms 899,00 kr.<\/strong><\/p>\n<p><a href=\"http:\/\/jels-net.dk\/wp-content\/uploads\/2017\/10\/ASOMPDSkablerr.pdf\" target=\"_blank\" rel=\"noopener noreferrer\">K\u00f8b af PDS kabler i forskellig l\u00e6ngde til installationen<\/a><\/p>\n<p><a href=\"http:\/\/jels-net.dk\/wp-content\/uploads\/2024\/06\/GWN7660-Jels.pdf\" target=\"_blank\" rel=\"noopener noreferrer\">Se vejledning til tilslutning<\/a><\/p>\n<p>&nbsp;<\/p>\n<p>GWN7660 kan placeres pr\u00e6cis, hvor man har brug for bedre wi-fi d\u00e6kning.<\/p>\n<p>Installation af GWN7660 kr\u00e6ver et netv\u00e6rkskabel mellem dit kabelmodem og Access point.<\/p>\n<p>&nbsp;<\/p>\n<p>&nbsp;<\/p>\n","protected":false},"excerpt":{"rendered":"<p>Flere og flere benytter tr\u00e5dl\u00f8se routere. Men der er forskel p\u00e5 tr\u00e5dl\u00f8se routere \u2013 ingen tvivl om det. Nogle har en l\u00e6ngere r\u00e6kkevidde end andre, nogle har mulighed for at distribuere signaler p\u00e5 flere frekvenser som eks. 2,4 GHz og 5 GHz samtidig og mulighed for en masse andre indstillinger. En ting man skal g\u00f8re [&hellip;]<\/p>\n","protected":false},"author":1,"featured_media":0,"parent":0,"menu_order":0,"comment_status":"closed","ping_status":"closed","template":"","meta":{"_genesis_hide_title":false,"_genesis_hide_breadcrumbs":false,"_genesis_hide_singular_image":false,"_genesis_hide_footer_widgets":false,"_genesis_custom_body_class":"","_genesis_custom_post_class":"","_genesis_layout":"","footnotes":""},"class_list":{"0":"post-642","1":"page","2":"type-page","3":"status-publish","5":"entry"},"_links":{"self":[{"href":"https:\/\/jels-net.dk\/index.php\/wp-json\/wp\/v2\/pages\/642","targetHints":{"allow":["GET"]}}],"collection":[{"href":"https:\/\/jels-net.dk\/index.php\/wp-json\/wp\/v2\/pages"}],"about":[{"href":"https:\/\/jels-net.dk\/index.php\/wp-json\/wp\/v2\/types\/page"}],"author":[{"embeddable":true,"href":"https:\/\/jels-net.dk\/index.php\/wp-json\/wp\/v2\/users\/1"}],"replies":[{"embeddable":true,"href":"https:\/\/jels-net.dk\/index.php\/wp-json\/wp\/v2\/comments?post=642"}],"version-history":[{"count":25,"href":"https:\/\/jels-net.dk\/index.php\/wp-json\/wp\/v2\/pages\/642\/revisions"}],"predecessor-version":[{"id":2465,"href":"https:\/\/jels-net.dk\/index.php\/wp-json\/wp\/v2\/pages\/642\/revisions\/2465"}],"wp:attachment":[{"href":"https:\/\/jels-net.dk\/index.php\/wp-json\/wp\/v2\/media?parent=642"}],"curies":[{"name":"wp","href":"https:\/\/api.w.org\/{rel}","templated":true}]}}