{"id":612,"date":"2017-06-12T20:38:56","date_gmt":"2017-06-12T18:38:56","guid":{"rendered":"http:\/\/wp.jels-net.dk\/?page_id=612"},"modified":"2025-12-17T18:24:06","modified_gmt":"2025-12-17T17:24:06","slug":"vaelg-selv-tv","status":"publish","type":"page","link":"https:\/\/jels-net.dk\/index.php\/vaelg-selv-tv\/","title":{"rendered":"TIlvalgs Pakker"},"content":{"rendered":"<p>Vil du gerne have mere sport, film eller tv-serier, s\u00e5 kan du\u00a0v\u00e6lge ekstra kanaler ovenp\u00e5 din nuv\u00e6rende tv-pakke \u2013 uanset om du har <strong>Grund-, Mellem- eller Fuldpakken<\/strong>.<\/p>\n<p>&nbsp;<\/p>\n<p><img loading=\"lazy\" decoding=\"async\" class=\"alignnone size-full wp-image-2660\" src=\"http:\/\/jels-net.dk\/wp-content\/uploads\/2025\/12\/2026TIlvalgspakker.png\" alt=\"\" width=\"404\" height=\"364\" srcset=\"https:\/\/jels-net.dk\/wp-content\/uploads\/2025\/12\/2026TIlvalgspakker.png 404w, https:\/\/jels-net.dk\/wp-content\/uploads\/2025\/12\/2026TIlvalgspakker-300x270.png 300w\" sizes=\"auto, (max-width: 404px) 100vw, 404px\" \/><\/p>\n<p>&nbsp;<\/p>\n<p>Du kan altid \u00e6ndre i dine kanaler, s\u00e5 du l\u00f8bende kan f\u00e5 de kanaler, der passer bedst til dig og din familie.<br \/>\nDet g\u00f8r du alt sammen via vores selvbetjeningsportal.<\/p>\n<p>For at komme i gang skal du sikre dig, at dit TV har en digital DVB-C\/MPEG4 tuner og plads til et Conax CA-Modul (kortl\u00e6ser til programkort).<\/p>\n<p>G\u00e5 derefter p\u00e5 <a href=\"http:\/\/mit.jels-net.dk\" target=\"_blank\" rel=\"noopener noreferrer\">selvbetjening <\/a>\u00a0\u00a0hvor du kan se hvilke programmer der kan v\u00e6lges og bestilles.<\/p>\n<p>Log dig ind med dit <strong>medlemsnr.<\/strong> og <strong>adgangskode<\/strong> som st\u00e5r p\u00e5 din kontingentopkr\u00e6vning.<br \/>\nV\u00e6lg <strong>TV &amp; Tilvalg<\/strong> i venstre menu<\/p>\n<p>F\u00f8lg vejledningen og v\u00e6lg dine TV kanaler.<br \/>\nDu betaler din tilvalgskanaler med betalingskort, og du kan tilmelde betalingen til automatisk tr\u00e6k hver m\u00e5ned.<br \/>\nOBS! N\u00e5r du har tilvalgskanaler bliver alle dine betalinger trukket med betalingskort fremover, ogs\u00e5 din TV pakke.<\/p>\n<p>&nbsp;<\/p>\n<p><strong>Tilvalgskanaler kr\u00e6ver programkort og kortl\u00e6ser<img loading=\"lazy\" decoding=\"async\" class=\"alignnone wp-image-903 size-full\" src=\"http:\/\/jels-net.dk\/wp-content\/uploads\/2017\/06\/Kortlaeser-1.jpg\" alt=\"\" width=\"171\" height=\"264\" \/><\/strong><\/p>\n<p>For at kunne se tilvalgskanaler samt tilvalgspakker skal du have et prorgramkort samt en kortl\u00e6ser, som skal inds\u00e6ttes i dit TV. Derfor skal dit TV underst\u00f8tte kortl\u00e6ser-standarden &#8220;Common Interface \/ CI&#8221;. Langt de fleste fladsk\u00e6rms-TV underst\u00f8tter denne standard<br \/>\nProgramkort og kortl\u00e6ser sendes til din adresse med posten.<\/p>\n<p>Hvis du \u00f8nsker at se tilvalgskanaler eller tilvalgspakker p\u00e5 mere end et TV kan du tilk\u00f8be yderligere 1 stk.\u00a0programkort og\u00a0kortl\u00e6ser<\/p>\n<p><a href=\"http:\/\/jels-net.dk\/wp-content\/uploads\/2017\/06\/InstallerKortlaeser.pdf\" target=\"_blank\" rel=\"noopener noreferrer\">Vejledning til installation af kortl\u00e6ser<\/a><\/p>\n","protected":false},"excerpt":{"rendered":"<p>Vil du gerne have mere sport, film eller tv-serier, s\u00e5 kan du\u00a0v\u00e6lge ekstra kanaler ovenp\u00e5 din nuv\u00e6rende tv-pakke \u2013 uanset om du har Grund-, Mellem- eller Fuldpakken. &nbsp; &nbsp; Du kan altid \u00e6ndre i dine kanaler, s\u00e5 du l\u00f8bende kan f\u00e5 de kanaler, der passer bedst til dig og din familie. Det g\u00f8r du alt [&hellip;]<\/p>\n","protected":false},"author":1,"featured_media":0,"parent":0,"menu_order":0,"comment_status":"closed","ping_status":"closed","template":"","meta":{"_genesis_hide_title":false,"_genesis_hide_breadcrumbs":false,"_genesis_hide_singular_image":false,"_genesis_hide_footer_widgets":false,"_genesis_custom_body_class":"","_genesis_custom_post_class":"","_genesis_layout":"","footnotes":""},"class_list":{"0":"post-612","1":"page","2":"type-page","3":"status-publish","5":"entry"},"_links":{"self":[{"href":"https:\/\/jels-net.dk\/index.php\/wp-json\/wp\/v2\/pages\/612","targetHints":{"allow":["GET"]}}],"collection":[{"href":"https:\/\/jels-net.dk\/index.php\/wp-json\/wp\/v2\/pages"}],"about":[{"href":"https:\/\/jels-net.dk\/index.php\/wp-json\/wp\/v2\/types\/page"}],"author":[{"embeddable":true,"href":"https:\/\/jels-net.dk\/index.php\/wp-json\/wp\/v2\/users\/1"}],"replies":[{"embeddable":true,"href":"https:\/\/jels-net.dk\/index.php\/wp-json\/wp\/v2\/comments?post=612"}],"version-history":[{"count":34,"href":"https:\/\/jels-net.dk\/index.php\/wp-json\/wp\/v2\/pages\/612\/revisions"}],"predecessor-version":[{"id":900,"href":"https:\/\/jels-net.dk\/index.php\/wp-json\/wp\/v2\/pages\/612\/revisions\/900"}],"wp:attachment":[{"href":"https:\/\/jels-net.dk\/index.php\/wp-json\/wp\/v2\/media?parent=612"}],"curies":[{"name":"wp","href":"https:\/\/api.w.org\/{rel}","templated":true}]}}