{"id":1747,"date":"2019-12-26T19:56:18","date_gmt":"2019-12-26T18:56:18","guid":{"rendered":"http:\/\/jels-net.dk\/?page_id=1747"},"modified":"2025-12-17T20:04:22","modified_gmt":"2025-12-17T19:04:22","slug":"viaplay","status":"publish","type":"page","link":"https:\/\/jels-net.dk\/index.php\/viaplay\/","title":{"rendered":"Viaplay"},"content":{"rendered":"<div class=\"inherit-container-width wp-block-group is-layout-constrained wp-container-core-group-is-layout-82a418a9 wp-block-group-is-layout-constrained\">\n<div class=\"wp-block-group__inner-container\">\n<figure class=\"wp-block-image aligncenter size-full is-resized\"><img loading=\"lazy\" decoding=\"async\" class=\"wp-image-4544 entered lazyloaded aligncenter\" src=\"https:\/\/vejen-net.dk\/wp-content\/uploads\/2025\/12\/Viaplay_FilmSerier_med_reklamer_hori_CMYK_pos.png\" sizes=\"auto, (max-width: 919px) 100vw, 919px\" srcset=\"https:\/\/vejen-net.dk\/wp-content\/uploads\/2025\/12\/Viaplay_FilmSerier_med_reklamer_hori_CMYK_pos.png 919w, https:\/\/vejen-net.dk\/wp-content\/uploads\/2025\/12\/Viaplay_FilmSerier_med_reklamer_hori_CMYK_pos-300x36.png 300w, https:\/\/vejen-net.dk\/wp-content\/uploads\/2025\/12\/Viaplay_FilmSerier_med_reklamer_hori_CMYK_pos-768x91.png 768w, https:\/\/vejen-net.dk\/wp-content\/uploads\/2025\/12\/Viaplay_FilmSerier_med_reklamer_hori_CMYK_pos-24x3.png 24w\" alt=\"\" width=\"287\" height=\"34\" data-lazy-srcset=\"https:\/\/vejen-net.dk\/wp-content\/uploads\/2025\/12\/Viaplay_FilmSerier_med_reklamer_hori_CMYK_pos.png 919w, https:\/\/vejen-net.dk\/wp-content\/uploads\/2025\/12\/Viaplay_FilmSerier_med_reklamer_hori_CMYK_pos-300x36.png 300w, https:\/\/vejen-net.dk\/wp-content\/uploads\/2025\/12\/Viaplay_FilmSerier_med_reklamer_hori_CMYK_pos-768x91.png 768w, https:\/\/vejen-net.dk\/wp-content\/uploads\/2025\/12\/Viaplay_FilmSerier_med_reklamer_hori_CMYK_pos-24x3.png 24w\" data-lazy-sizes=\"(max-width: 919px) 100vw, 919px\" data-lazy-src=\"https:\/\/vejen-net.dk\/wp-content\/uploads\/2025\/12\/Viaplay_FilmSerier_med_reklamer_hori_CMYK_pos.png\" data-ll-status=\"loaded\" \/><\/figure>\n<h5 class=\"wp-block-heading has-text-align-center\" style=\"text-align: center;\"><strong>Gratis Viaplay Film &amp; Serier til vores medlemmer i Jels antenneforening.<\/strong><\/h5>\n<p class=\"has-text-align-center\" style=\"text-align: center;\">Hos Jels antenneforening er\u00a0<strong>Viaplay Film &amp; Serier<\/strong>\u00a0inkluderet i vores TV-pakker (<strong>Mellem pakke og Grund pakke<\/strong>) \u2013 uden merpris.<\/p>\n<figure class=\"wp-block-image aligncenter size-full is-resized\"><img loading=\"lazy\" decoding=\"async\" class=\"wp-image-4545 entered lazyloaded aligncenter\" src=\"https:\/\/vejen-net.dk\/wp-content\/uploads\/2025\/12\/Viaplay_Dansk_fodbold_Film_Serier_hori_CMYK_pos.png\" sizes=\"auto, (max-width: 1757px) 100vw, 1757px\" srcset=\"https:\/\/vejen-net.dk\/wp-content\/uploads\/2025\/12\/Viaplay_Dansk_fodbold_Film_Serier_hori_CMYK_pos.png 1757w, https:\/\/vejen-net.dk\/wp-content\/uploads\/2025\/12\/Viaplay_Dansk_fodbold_Film_Serier_hori_CMYK_pos-300x38.png 300w, https:\/\/vejen-net.dk\/wp-content\/uploads\/2025\/12\/Viaplay_Dansk_fodbold_Film_Serier_hori_CMYK_pos-1024x131.png 1024w, https:\/\/vejen-net.dk\/wp-content\/uploads\/2025\/12\/Viaplay_Dansk_fodbold_Film_Serier_hori_CMYK_pos-768x98.png 768w, https:\/\/vejen-net.dk\/wp-content\/uploads\/2025\/12\/Viaplay_Dansk_fodbold_Film_Serier_hori_CMYK_pos-1536x197.png 1536w, https:\/\/vejen-net.dk\/wp-content\/uploads\/2025\/12\/Viaplay_Dansk_fodbold_Film_Serier_hori_CMYK_pos-24x3.png 24w\" alt=\"\" width=\"296\" height=\"38\" data-lazy-srcset=\"https:\/\/vejen-net.dk\/wp-content\/uploads\/2025\/12\/Viaplay_Dansk_fodbold_Film_Serier_hori_CMYK_pos.png 1757w, https:\/\/vejen-net.dk\/wp-content\/uploads\/2025\/12\/Viaplay_Dansk_fodbold_Film_Serier_hori_CMYK_pos-300x38.png 300w, https:\/\/vejen-net.dk\/wp-content\/uploads\/2025\/12\/Viaplay_Dansk_fodbold_Film_Serier_hori_CMYK_pos-1024x131.png 1024w, https:\/\/vejen-net.dk\/wp-content\/uploads\/2025\/12\/Viaplay_Dansk_fodbold_Film_Serier_hori_CMYK_pos-768x98.png 768w, https:\/\/vejen-net.dk\/wp-content\/uploads\/2025\/12\/Viaplay_Dansk_fodbold_Film_Serier_hori_CMYK_pos-1536x197.png 1536w, https:\/\/vejen-net.dk\/wp-content\/uploads\/2025\/12\/Viaplay_Dansk_fodbold_Film_Serier_hori_CMYK_pos-24x3.png 24w\" data-lazy-sizes=\"(max-width: 1757px) 100vw, 1757px\" data-lazy-src=\"https:\/\/vejen-net.dk\/wp-content\/uploads\/2025\/12\/Viaplay_Dansk_fodbold_Film_Serier_hori_CMYK_pos.png\" data-ll-status=\"loaded\" \/><\/figure>\n<p class=\"has-text-align-center\" style=\"text-align: center;\">Hos Jels antenneforening er\u00a0<strong>Viaplay Dansk Fodbold, Film &amp; Serier<\/strong>\u00a0inkluderet i vores TV-pakke (<strong>Fuld pakken<\/strong>) \u2013 uden merpris.<\/p>\n<p class=\"has-text-align-center\" style=\"text-align: center;\">Herudover f\u00e5r du adgang til et stort katalog med en lang r\u00e6kke film, serier og popul\u00e6re programmer fra b\u00e5de ind- og udland.<br \/>\nDu har adgang til disse kanaler via dit Smart TV, din Smartphone, tablet og computer, s\u00e5 du f\u00e5r ubegr\u00e6nset streaming i b\u00e5de Danmark og resten af EU.<\/p>\n<p class=\"has-text-align-center\" style=\"text-align: center;\">Du har ogs\u00e5 mulighed for at opgradere til\u00a0ViaPlay Total, hvor du endvidere f\u00e5r adgang til b\u00e5de Sport og Fighting.<\/p>\n<\/div>\n<\/div>\n<div class=\"inherit-container-width wp-block-group is-layout-constrained wp-container-core-group-is-layout-bc08d421 wp-block-group-is-layout-constrained\">\n<div class=\"wp-block-group__inner-container\">\n<p>Du skal tilmelde dig Viaplay fra selvbetjeningen\u00a0 <a href=\"https:\/\/mit.jels-net.dk\/\">https:\/\/mit.jels-net.dk<\/a>, under &#8220;Status&#8221;.<\/p>\n<\/div>\n<\/div>\n<div><\/div>\n<h1 class=\"tvpackage_heading\" style=\"text-align: center;\"><span class=\"title\">Viaplay Total<\/span><\/h1>\n<h4 class=\"tvpackage_heading\" style=\"text-align: center;\"><span class=\"price\">Du kan tilk\u00f8be Viaplay Total for 300,- KR.\/MD.<\/span><\/h4>\n<div class=\"tvpackage_description\">Med opgradering til<strong>\u00a0*<\/strong>Viaplay Total f\u00e5r du b\u00e5de Viaplay\u00b4s\u00a0 store sportspakke med sportsudsendelser og live sport. Men ikke nok med det \u2013 du har samtidig adgang til hele deres udvalg af film, serier og b\u00f8rneindhold.\u00a0<strong>*<\/strong>Det er en foruds\u00e6tning , at du har valgt en af vores tre TV-pakker, f\u00f8r du kan tilk\u00f8be Viaplay Total.\u00a0<em>(Normalpris ved Viaplay 449,- kr.\/md.)<\/em><\/div>\n","protected":false},"excerpt":{"rendered":"<p>Gratis Viaplay Film &amp; Serier til vores medlemmer i Jels antenneforening. Hos Jels antenneforening er\u00a0Viaplay Film &amp; Serier\u00a0inkluderet i vores TV-pakker (Mellem pakke og Grund pakke) \u2013 uden merpris. Hos Jels antenneforening er\u00a0Viaplay Dansk Fodbold, Film &amp; Serier\u00a0inkluderet i vores TV-pakke (Fuld pakken) \u2013 uden merpris. Herudover f\u00e5r du adgang til et stort katalog med [&hellip;]<\/p>\n","protected":false},"author":1,"featured_media":0,"parent":0,"menu_order":0,"comment_status":"closed","ping_status":"closed","template":"","meta":{"_genesis_hide_title":false,"_genesis_hide_breadcrumbs":false,"_genesis_hide_singular_image":false,"_genesis_hide_footer_widgets":false,"_genesis_custom_body_class":"","_genesis_custom_post_class":"","_genesis_layout":"","footnotes":""},"class_list":{"0":"post-1747","1":"page","2":"type-page","3":"status-publish","5":"entry"},"_links":{"self":[{"href":"https:\/\/jels-net.dk\/index.php\/wp-json\/wp\/v2\/pages\/1747","targetHints":{"allow":["GET"]}}],"collection":[{"href":"https:\/\/jels-net.dk\/index.php\/wp-json\/wp\/v2\/pages"}],"about":[{"href":"https:\/\/jels-net.dk\/index.php\/wp-json\/wp\/v2\/types\/page"}],"author":[{"embeddable":true,"href":"https:\/\/jels-net.dk\/index.php\/wp-json\/wp\/v2\/users\/1"}],"replies":[{"embeddable":true,"href":"https:\/\/jels-net.dk\/index.php\/wp-json\/wp\/v2\/comments?post=1747"}],"version-history":[{"count":7,"href":"https:\/\/jels-net.dk\/index.php\/wp-json\/wp\/v2\/pages\/1747\/revisions"}],"predecessor-version":[{"id":2674,"href":"https:\/\/jels-net.dk\/index.php\/wp-json\/wp\/v2\/pages\/1747\/revisions\/2674"}],"wp:attachment":[{"href":"https:\/\/jels-net.dk\/index.php\/wp-json\/wp\/v2\/media?parent=1747"}],"curies":[{"name":"wp","href":"https:\/\/api.w.org\/{rel}","templated":true}]}}